0
What is the tens digit of 468783141?
4
What is the millions digit of 109819578?
9
What is the tens digit of 3704776029?
2
What is the units digit of 75371384?
4
What is the tens digit of 733604569?
6
What is the tens digit of 429305968?
6
What is the tens digit of 40019703?
0
What is the millions digit of 12874502?
2
What is the hundreds digit of 3235483676?
6
What is the ten thousands digit of 136769626?
6
What is the hundred millions digit of 702452587?
7
What is the hundred millions digit of 226013567?
2
What is the hundred millions digit of 941651957?
9
What is the ten millions digit of 193219935?
9
What is the thousands digit of 107585355?
5
What is the tens digit of 157494630?
3
What is the units digit of 4078595012?
2
What is the hundreds digit of 27367427?
4
What is the hundred thousands digit of 320956731?
9
What is the millions digit of 1986893094?
6
What is the hundred millions digit of 126798790?
1
What is the hundreds digit of 92544920?
9
What is the millions digit of 2984722439?
4
What is the hundreds digit of 31578063?
0
What is the units digit of 112898077?
7
What is the units digit of 54398162?
2
What is the units digit of 170386495?
5
What is the tens digit of 7143987612?
1
What is the thousands digit of 55743387?
3
What is the ten millions digit of 58113966?
5
What is the units digit of 997355795?
5
What is the hundreds digit of 326666003?
0
What is the ten millions digit of 15526578?
1
What is the hundred thousands digit of 2235175043?
1
What is the ten millions digit of 113164764?
1
What is the ten thousands digit of 469389873?
8
What is the thousands digit of 1420501950?
1
What is the ten millions digit of 229804399?
2
What is the ten thousands digit of 503377987?
7
What is the hundred millions digit of 158326336?
1
What is the hundred millions digit of 3408084622?
4
What is the millions digit of 1213658996?
3
What is the units digit of 777559337?
7
What is the thousands digit of 93738391?
8
What is the billions digit of 2085913873?
2
What is the thousands digit of 5576973?
6
What is the thousands digit of 27565701?
5
What is the ten thousands digit of 17201310?
0
What is the hundred thousands digit of 101122010?
1
What is the hundred millions digit of 437898874?
4
What is the ten thousands digit of 346424658?
2
What is the millions digit of 1679442411?
9
What is the ten millions digit of 681253995?
8
What is the units digit of 34975362?
2
What is the hundreds digit of 429140731?
7
What is the tens digit of 19129720?
2
What is the thousands digit of 970955612?
5
What is the hundred millions digit of 589098991?
5
What is the thousands digit of 48340816?
0
What is the thousands digit of 2286073348?
3
What is the thousands digit of 32763898?
3
What is the tens digit of 467788346?
4
What is the ten thousands digit of 299053431?
5
What is the ten millions digit of 1486743432?
8
What is the hundred millions digit of 312142496?
3
What is the thousands digit of 1286745981?
5
What is the tens digit of 1577660?
6
What is the units digit of 242011949?
9
What is the hundred millions digit of 2343788406?
3
What is the hundred thousands digit of 706371051?
3
What is the units digit of 204202344?
4
What is the thousands digit of 8511896293?
6
What is the hundred thousands digit of 34207395?
2
What is the thousands digit of 9052942110?
2
What is the millions digit of 368386060?
8
What is the ten millions digit of 1478341420?
7
What is the ten millions digit of 71631247?
7
What is the tens digit of 32282382?
8
What is the units digit of 46478456?
6
What is the tens digit of 23577367?
6
What is the millions digit of 365494782?
5
What is the tens digit of 35165890?
9
What is the ten thousands digit of 94928590?
2
What is the units digit of 72575034?
4
What is the hundreds digit of 3853198542?
5
What is the hundreds digit of 83203386?
3
What is the ten thousands digit of 105779914?
7
What is the millions digit of 1058739269?
8
What is the hundred thousands digit of 70811015?
8
What is the billions digit of 1256436275?
1
What is the tens digit of 23644091?
9
What is the millions digit of 451482042?
1
What is the units digit of 72636800?
0
What is the ten millions digit of 6211418134?
1
What is the ten millions digit of 66313044?
6
What is the hundreds digit of 1233321094?
0
What is the hundreds digit of 546139128?
1
What is the hundreds digit of 22888548?
5
What is the tens digit of 2681059257?
5
What is the units digit of 361999483?
3
What is the ten millions digit of 469408571?
6
What is the thousands digit of 6127879170?
9
What is the units digit of 783041035?
5
What is the ten thousands digit of 421177157?
7
What is the thousands digit of 71081703?
1
What is the tens digit of 340225441?
4
What is the millions digit of 3285661385?
5
What is the millions digit of 37272888?
7
What is the ten millions digit of 18392493?
1
What is the billions digit of 1485002756?
1
What is the ten thousands digit of 1085127149?
2
What is the units digit of 373372264?
4
What is the millions digit of 172116013?
2
What is the hundred thousands digit of 1541742963?
7
What is the tens digit of 1247582443?
4
What is the millions digit of 561136076?
1
What is the ten millions digit of 1577472071?
7
What is the tens digit of 47269205?
0
What is the units digit of 553409450?
0
What is the thousands digit of 3011169789?
9
What is the billions digit of 1404809060?
1
What is the ten millions digit of 3475360747?
7
What is the hundred thousands digit of 863181778?
1
What is the hundred millions digit of 322453321?
3
What is the ten millions digit of 175187764?
7
What is the hundreds digit of 120574084?
0
What is the hundred millions digit of 312926478?
3
What is the thousands digit of 325355764?
5
What is the thousands digit of 58651035?
1
What is the millions digit of 576380905?
6
What is the hundred thousands digit of 982982785?
9
What is the millions digit of 38255516?
8
What is the hundred thousands digit of 3453665891?
6
What is the ten thousands digit of 21630906?
3
What is the thousands digit of 16778332?
8
What is the ten thousands digit of 66510997?
1
What is the ten millions digit of 3869269048?
6
What is the ten millions digit of 102218858?
0
What is the hundred thousands digit of 6175894951?
8
What is the hundreds digit of 302686873?
8
What is the ten millions digit of 17363260?
1
What is the hundred millions digit of 6993472594?
9
What is the hundred millions digit of 156755835?
1
What is the ten thousands digit of 197434096?
3
What is the ten millions digit of 1964623748?
6
What is the hundred thousands digit of 41632450?
6
What is the ten millions digit of 8008589078?
0
What is the thousands digit of 168044214?
4
What is the ten thousands digit of 472254578?
5
What is the millions digit of 693498542?
3
What is the thousands digit of 1671802?
1
What is the hundreds digit of 1020259878?
8
What is the billions digit of 2268361069?
2
What is the ten millions digit of 11900604?
1
What is the units digit of 35158299?
9
What is the millions digit of 63429855?
3
What is the tens digit of 181710674?
7
What is the ten thousands digit of 343452508?
5
What is the ten millions digit of 1895977294?
9
What is the ten millions digit of 592253896?
9
What is the millions digit of 1528507398?
8
What is the millions digit of 2042448937?
2
What is the ten millions digit of 59115660?
5
What is the units digit of 2301098137?
7
What is the hundreds digit of 24796449?
4
What is the thousands digit of 27015702?
5
What is the hundred thousands digit of 2601468787?
4
What is the thousands digit of 798351740?
1
What is the millions digit of 1069484438?
9
What is the ten thousands digit of 27626381?
2
What is the millions digit of 49082696?
9
What is the billions digit of 1282568239?
1
What is the tens digit of 38008273?
7
What is the hundreds digit of 38843875?
8
What is the millions digit of 21369718?
1
What is the hundred thousands digit of 25430983?
4
What is the hundreds digit of 820847334?
3
What is the thousands digit of 32451188?
1
What is the hundred thousands digit of 4643219016?
2
What is the millions digit of 4714970314?
4
What is the billions digit of 1843293327?
1
What is the units digit of 499465828?
8
What is the hundreds digit of 919742?
7
What is the thousands d